= a**2 - 49*a + 556. Give i(30).
-14
Let z(o) = 40*o + 2342. Calculate z(-59).
-18
Let l(v) = -4*v**2 + 114*v + 65. Give l(29).
7
Let w(b) = -b**3 + 97*b**2 + 195*b + 293. Determine w(99).
-4
Let r(u) = u**3 - 5*u**2 + 28*u - 2. What is r(6)?
202
Let o(f) = -f**2 - 59*f - 38. Determine o(-58).
20
Let v(m) = -15*m**3 + 2*m**2 - 67*m + 66. Calculate v(1).
-14
Let o(g) = 26*g - 674. Calculate o(29).
80
Let j(x) = -10735*x - 53700. What is j(-5)?
-25
Let o(h) = -1878*h + 18797. Determine o(10).
17
Let q(a) = 2*a**3 + 10*a**2 - 24*a - 118. Give q(-5).
2
Let r(z) = -24*z - 600. Give r(-12).
-312
Let n(y) = -67*y - 1271. Calculate n(-19).
2
Let d(l) = -629*l + 13. Calculate d(0).
13
Let z(w) = -112*w**2 + 1568*w - 13. Give z(14).
-13
Let g(n) = -3836*n + 19120. Determine g(5).
-60
Let i(c) = 2*c**3 + 201*c - 406. Calculate i(2).
12
Let y(q) = 43*q + 213. What is y(-5)?
-2
Let v(p) = 2*p**2 + p - 193. What is v(-10)?
-3
Let l(k) = -13*k - 42. Calculate l(-4).
10
Let r(u) = 12*u - 96. Determine r(22).
168
Let d(b) = b**3 - 26*b**2 - 52*b + 2387. Give d(24).
-13
Let t(c) = -c**3 + 40*c**2 - 65*c + 78. Give t(38).
496
Let i(v) = -4*v**2 + 11*v - 20. Give i(4).
-40
Let t(m) = -2*m**2 - 472*m + 20194. Determine t(37).
-8
Let q(l) = 12*l - 127. What is q(8)?
-31
Let p(o) = -38*o**2 - 340*o + 12. Determine p(-9).
-6
Let y(o) = o**3 + 15*o**2 + 70*o + 302. What is y(-11)?
16
Let t(b) = -8*b - 93. Calculate t(-22).
83
Let w(n) = 2*n**3 - 47*n**2 - 190*n + 32. Give w(27).
5
Let t(j) = -20*j - 89. Calculate t(-13).
171
Let k(l) = -2*l**3 - 3*l**2 - 30*l - 64. Give k(-2).
0
Let u(k) = 199*k - 1959. What is u(10)?
31
Let y(h) = -h**3 + h**2 - 25. Give y(-6).
227
Let t(p) = 2*p**3 - 95*p**2 + 23*p + 1116. Determine t(47).
-12
Let x(d) = -4*d + 478. Calculate x(118).
6
Let b(s) = -3*s**2 + 75*s + 2156. Determine b(-18).
-166
Let c(g) = 2*g**2 - 53*g + 304. What is c(18)?
-2
Let p(c) = 631*c - 13220. Calculate p(21).
31
Let p(a) = -12*a - 53. Calculate p(-4).
-5
Let h(v) = -1169*v - 10515. Calculate h(-9).
6
Let s(c) = -c**3 - c**2 + 6*c + 7. Determine s(0).
7
Let n(u) = 3*u**3 - 37*u**2 + 22*u + 9. Give n(12).
129
Let x(y) = -y**3 + 48*y**2 + 13*y - 61. What is x(48)?
563
Let j(s) = s + 156. Give j(-18).
138
Let b(i) = 2*i**2 - 47*i + 52. What is b(1)?
7
Let l(q) = -20*q**3 - 941*q**2 - 51*q - 186. Give l(-47).
2
Let y(b) = 2*b**3 - 16*b**2 + 30*b - 19. Give y(6).
17
Let a(z) = 12*z + 478. Determine a(-47).
-86
Let i(a) = -2*a**2 + 52*a - 14. What is i(26)?
-14
Let n(q) = -1006*q + 7954. Calculate n(8).
-94
Let c(o) = -81*o + 324. Give c(4).
0
Let l(i) = i**3 + 23*i**2 + 114*i - 35. Give l(-15).
55
Let n(t) = 5*t**2 + 604*t + 2228. Give n(-117).
5
Let r(u) = -2*u**2 + 6*u + 4. Determine r(4).
-4
Let d(y) = -5*y**2 - 565*y - 4193. Determine d(-105).
7
Let v(c) = -c**3 - 13*c**2 + 9*c + 22. Give v(-15).
337
Let r(s) = 15*s**2 + 89*s - 12. Calculate r(-6).
-6
Let l(b) = 4*b**2 - 5*b - 31. Determine l(-3).
20
Let z(g) = 10*g - 47. Give z(38).
333
Let d(s) = 3*s**2 - 24*s - 29. Calculate d(11).
70
Let m(o) = -3*o**2 + 64*o + 300. What is m(-4)?
-4
Let t(g) = -4*g**3 + 22*g**2 - 13*g + 10. Determine t(5).
-5
Let b(q) = 118*q - 3175. Determine b(27).
11
Let o(q) = 111*q**2 - 42*q + 41. What is o(1)?
110
Let w(f) = -8178*f + 139019. Give w(17).
-7
Let c(x) = x**3 - 8*x**2 - 2*x + 28. Determine c(0).
28
Let m(c) = 119*c - 5570. Give m(45).
-215
Let n(d) = d**2 - 10*d - 219. Calculate n(-8).
-75
Let b(u) = 3*u**2 + 16*u + 115. What is b(-9)?
214
Let m(h) = 13*h**3 - 5*h**2 - 10*h - 5. Calculate m(-1).
-13
Let u(z) = -z**2 - 12*z + 21. Calculate u(-14).
-7
Let a(b) = 266*b + 7432. Calculate a(-28).
-16
Let l(q) = q**3 - 34*q**2 - 24*q - 329. Calculate l(35).
56
Let a(k) = k**3 + 187*k**2 + 974*k + 11644. What is a(-182)?
-4
Let j(b) = -9*b - 155. What is j(-30)?
115
Let p(b) = 3*b**2 - 72*b + 243. Give p(19).
-42
Let f(n) = 26*n - 135. Determine f(5).
-5
Let v(m) = -m**3 + 36*m**2 + 197*m - 4. Calculate v(41).
-332
Let t(s) = 349*s - 2128. Determine t(6).
-34
Let i(q) = 32*q + 420. Give i(-23).
-316
Let q(f) = -f**3 + 20*f**2 + 67*f - 62. Give q(23).
-108
Let c(f) = -f**3 - 10*f**2 - 3*f - 30. What is c(-4)?
-114
Let q(j) = j**3 - 107*j**2 - 69*j - 4215. Calculate q(108).
-3
Let d(l) = 380*l + 32. What is d(-1)?
-348
Let c(d) = -191*d - 365. What is c(-5)?
590
Let c(s) = 21*s - 407. Calculate c(20).
13
Let b(y) = y**3 + 4*y**2 - 84*y - 102. Give b(8).
-6
Let t(r) = 4*r - 247. What is t(54)?
-31
Let i(h) = -h**3 - 11*h**2 - 39*h - 603. Determine i(-12).
9
Let g(q) = -3*q**3 + 29*q**2 - 2*q + 16. Give g(10).
-104
Let s(n) = -n**2 + 38*n + 2240. Determine s(-32).
0
Let y(b) = -b**2 - 204*b - 2646. Calculate y(-14).
14
Let o(k) = k**3 + 9*k**2 + 26*k + 73. What is o(-5)?
43
Let l(p) = 16*p**3 + p**2 - 63*p - 63. Give l(-1).
-15
Let t(u) = -1558*u + 17113. Calculate t(11).
-25
Let z(x) = x**3 - 41*x**2 - 334*x + 15. Give z(-7).
1
Let z(q) = 5*q**3 - 60*q**2 + 7*q + 6. What is z(12)?
90
Let a(m) = 5*m**2 + 13*m - 135. Calculate a(-6).
-33
Let s(p) = -p**3 - 3*p**2 + 58*p + 234. Calculate s(-5).
-6
Let w(k) = 6*k**2 + 121*k + 137. Determine w(-19).
4
Let y(g) = -g**3 + 20*g**2 - 18*g - 124. What is y(19)?
-105
Let s(q) = -24*q**2 + 11. What is s(-4)?
-373
Let y(h) = -h**3 - 120*h**2 - 234*h + 218. Calculate y(-118).
-18
Let b(i) = -187*i + 12339. Calculate b(66).
-3
Let f(w) = 453*w + 5863. Give f(-13).
-26
Let k(z) = -1837*z + 154322. Calculate k(84).
14
Let c(d) = -d**3 + 31*d**2 - 121*d + 335. Determine c(27).
-16
Let g(t) = -t**3 + 2*t**2 + 56*t - 4. What is g(-7)?
45
Let l(i) = -i**2 + 13*i + 63. Give l(17).
-5
Let t(l) = 1938*l - 13581. Give t(7).
-15
Let r(p) = 2*p**2 + 2*p + 8. What is r(-3)?
20
Let k(y) = -348*y + 1033. Give k(3).
-11
Let l(n) = 172*n**3 - 6*n**2 + 8*n - 2. Give l(1).
172
Let w(g) = -47*g + 309. Calculate w(0).
309
Let j(z) = 39*z + 489. What is j(-17)?
-174
Let k(m) = m**3 - 50*m**2 + 45*m + 162. What is k(49)?
-34
Let b(h) = h**3 + 153*h**2 + 745*h + 735. Give b(-148).
-5
Let k(i) = i**3 - 22*i**2 + 89*i + 29. Calculate k(16).
-83
Let c(t) = -3*t**2 + 40*t - 143. What is c(10)?
-43
Let t(z) = -54*z + 302. Give t(7).
-76
Let r(q) = -37*q + 401. Give r(0).
401
Let j(t) = t**3 + 9*t**2 - 5*t + 106. What is j(-10)?
56
Let v(d) = d**3 + 21*d**2 - 25*d - 30. Give v(-22).
36
Let d(a) = 63*a**2 + a - 186. Calculate d(0).
-186
Let k(i) = 2*i**3 - 35*i**2 - 30*i + 215. Give k(18).
-1
Let a(g) = -g**2 + 833. What is a(29)?
-8
Let f(z) = 3*z - 207. Calculate f(-9).
-234
Let w(r) = -r**3 - 11*r**2 - 3*r + 152. Determine w(-8).
-16
Let g(s) = 16*s + 59. What is g(-8)?
-69
Let g(p) = 19*p + 185. Give g(-10).
-5
Let j(y) = 1443*y + 36081. Determine j(-25).
6
Let o(f) = 78*f**2 + 256*f + 255. What is o(-1)?
77
Let d(y) = -22*y**2 + 893*y + 1293. What is d(42)?
-9
Let u(j) = -6*j**2 - 166*j + 243. What is u(-29)?
11
Let l(m) = -54*m - 208. Determine l(-4).
8
Let w(q) = -25*q**2 + 234*q - 75. What is w(9)?
6
Let z(t) = t**3 + 9*t**2 - t + 7. Give z(-9).
16
Let o(h) = 8*h**3 + 16*h**2 + 12*h + 7. Calculate o(-3).
-101
Let w(j) = 2*j**3 + 19*j**2 + j - 47. What is w(-10)?
-157
Let f(k) = 5*k - 14. What is f(3)?
1
Let h(k) = 236*k + 2069. What is h(-9)?
-55
Let t(w) = w**3 + 40*w**2 - 341*w - 571. Determine t(-47).
-7
Let x(v) = v**3 - 16*v**2 - 30*v - 42. What is x(18)?
66
Let p(s) = -15*s**2 + 196*s - 102. What is p(13)?
-89
Let h(m) = m**3 + 21*m**2 - 3*m - 71. Determine h(-21).
-8
Let z(t) = -13*t - 176. Give z(-13).
-7
Let z(r) = -2425*r + 12130. Determine z(5).
5
Let u(j) = -j**2 + 44*j - 317. Determine u(10).
23
Let r(a) = -3*a**3 + 200*a**2 + 74*a - 476. Give r(67).
-7
Let d(f) = 160*f + 4973. What is d(-31)?
13
Let g(h) = -h**3 - 6*h**2 + 13*h - 24. What is g(-8)?
0
Let v(z) = -3*z**3 - 15*z**2 + 39*z + 110. What is v(-6)?
-16
Let y(s) = 13*s**3 + 2*s**2 - 10*s + 15. Give y(2).
107
Let z(u) = u**3 + 10*u**2 + 18*u + 2. What is z(-8)?
-14
Let z(h) = -91*h + 3080. What is z(34)?
-14
Let p(i) = i**3 - 20*i**2 - 74*i + 652. What is p(22)?
-8
Let b(d) = d**3 + 7*d**2 + 9*d - 18. What is b(-5)?
-13
Let i(p) = p**3 + 9*p**2 + 20*p + 37. What is i(-6)?
25
Let v(f) = -f**2 - 349*f + 691. What is v(2)?
-11
Let y(g) = -3*g**2 - 474*g + 10099. Give y(-177).
10
Let z(l) = 46*l